-64
-36 - 2 - 3 - (-75 - -63)
-29
109 + (144 - 73) + -162
18
What is 5 + -1 + (-1 - (5 - 11)) - 63 - -8?
-46
Evaluate (-11 + -8 - -12) + (-36 - (10 + -7)).
-46
2 + -3 + (-22 - (1 + -11) - (-42 + -60))
89
Evaluate (-83 + 116 - (5 - 1)) + 21.
50
(-131 - (-284 - -31)) + -42
80
Evaluate (-16 + -12 + 53 - (-10 + (5 - 2))) + 10.
42
46 + -3 + -17 + 11 + 3 + 0 + -5
35
What is (-19 - -10) + -27 + -10 + 38?
-8
What is 21 - (57 - 6) - -79?
49
What is -53 + 2 + 2 + 24 + -20 + -12?
-57
What is -57 + (18 - (22 - -3) - 9)?
-73
Calculate (-386 - -387) + 6 + (6 - 7).
6
-3 + (14 - 1) + 40 + -77 + 26
-1
24 - (15 + -2 + 0 + -43 + 25)
29
What is the value of (-1 - 1) + 19 + 12 + 17?
46
What is (-14 - 6) + 1 + 1 - (12 - 3)?
-27
Evaluate (-1 - -26) + (-60 - -52) - 17.
0
What is the value of (75 - (-3 - -2 - 7)) + 181 + -164?
100
(4 - (9 + 6) - -10) + (8 - 10) - 42
-45
What is -8 + 8 + 0 + 30 + (5 - 89)?
-54
Calculate 1 + -15 + 13 + -65 + 6.
-60
Calculate 50 + -2 + (-275 - -229).
2
What is (-66 - (-113 + 30)) + (26 - 2)?
41
-38 + (-48 - -4) + (-71 - -50)
-103
Evaluate -57 + (-20 - (-67 - -39)).
-49
Calculate -6 - ((-4 + 1 - (-12 + 21)) + (-2 - -3)).
5
Evaluate -2490 + 2512 - (9 + -2 + 2 + (-3 - -1)).
15
Calculate (-402 - -415) + (-3 - (12 + -1)).
-1
Calculate 0 + 1 + 6 + 396 + -420.
-17
What is -14 - (1 - -6 - (-25 - -54))?
8
Calculate (-49 - 0 - (24 - 22)) + (-1099 - -1085).
-65
What is 108 + 145 + -58 + -280?
-85
Calculate 15 - ((-2 - (-5 - -6) - -141) + 0 - -4).
-127
Evaluate 20 + 33 + -26 + -12 - 59.
-44
Calculate 38 - (-26 + (-7 - (-7 + -11)) + 18).
35
What is 4 + (19 - (-54 + 55))?
22
What is -106 + 15 + (122 + -115 - (0 - 0))?
-84
What is -16 + (3 - (56 - ((-17 - 1) + 18)))?
-69
Evaluate 6 + (-2268 - -2271 - (1 - (-2 + 3) - -22)).
-13
Evaluate 31 - (-21 - -79 - 80).
53
Evaluate 34 - (7 - (4 + 0 - ((-25 - -16) + 9))).
31
Calculate 20 + (4 - (-1 - 12 - (624 - 621))).
40
-1 - 130 - (-324 + 263)
-70
What is (-9 + -1 - 0) + -2 + -649 + 678?
17
Calculate -9 + (9 - -3) - (4 + -11) - (-4 - -31).
-17
Calculate -17 - (-1 + -17 + 19 - 3).
-15
Evaluate (-41 - 3) + 12 + -16 + 3 + -2 + -3.
-50
What is the value of (1177 - 1101) + -2 + 17 + (-1 - 15)?
75
Calculate -57 - (-23 - (-22 + 9 - -17)).
-30
-22 + 14 + 2 + (-13 + 18 - 15)
-16
-67 + (132 + -146 - (1 + -3 + -7 - 1))
-71
Evaluate -11 - 43 - (1 + 2 - (22 - 1 - 14)).
-50
What is (-4 - (31 - 20)) + 28 + -2 + -9?
2
-4 + 21 + (95 - 97 - -38)
53
What is the value of 57 + 122 + (66 - 184)?
61
2 + 59 + -283 + 237
15
Evaluate (37 + 26 - 55) + (-1 - (-4 + 8 - 18)).
21
What is the value of (5 + 7 + -6 - 77 - 6) + (-362 - -364)?
-75
-16 + (-45 - -43 - 46)
-64
-150 - -129 - (-17 + 3) - (3 + -4 - 22)
16
What is the value of 21 + -3 - (-19 - -36 - 21)?
22
Calculate 17 + -3 + (9 - 11) + -9 - (59 + 0).
-56
-13 + 59 + -44 + -2 + 7 - -47
54
What is the value of (45 - 2) + (37 - 21) + 24 + -14?
69
What is the value of -110 + ((101 - 150) + 68 - (24 + 0))?
-115
Evaluate (-19 - -71 - 16 - -12) + -11.
37
Evaluate -12 - (44 + -31) - (9 - 22).
-12
-85 - (18 + (-67 - -3))
-39
Calculate 11 + -15 + -65 - -5.
-64
What is the value of (110 - 0) + (3 + -8 + 1 - 8)?
98
Evaluate 1 + -6 - (-17 - -4 - 14) - -3.
25
What is -132 - -135 - (3 - 20 - (-1 + 2))?
21
-2 + (35 - (35 + -11)) + (1 - -2)
12
What is -35 + 43 + 15 - -27?
50
Evaluate 14 + (-11 + (8 - (-11 - -9)) - -55) - 10.
58
Calculate 12 + -2 - (-1 + (-6 - (1 - 28))) - 0.
-10
Evaluate 22 + -17 + 4 + (7 - (-1 - 6)).
23
What is 67 + 85 + 34 + -128?
58
Calculate -1 + -46 + (-3418 - -3465) + 7.
7
Evaluate 2 - (2 - 0) - (2 + -6 + (27 - -46)).
-69
(17 - 5) + (-36 - -24) + 8 + -2
6
What is 0 - (19 - 40) - 17 - -29?
33
74 - 7 - (3 + 19) - (1 - 11)
55
What is the value of (-71 - 2) + 51 - -16?
-6
Calculate (99 - -46) + -5 + 0 + -6.
134
What is 106 - (-1 + 7 + 376 + -380)?
104
What is the value of (-22 - (-32 - 134)) + -105?
39
What is 0 + -22 + 57 + -58 + 181 - 8?
150
2 + -2 + -5 - (-743 + 741)
-3
Calculate 17 + 66 + (36 + -105 - -37).
51
What is the value of 51 + 17 + -55 + 9?
22
What is the value of -18 - (-58 + (-20 - -45) + -4) - -60?
79
What is 12 + (-75 - (-42 - 15))?
-6
-4 + 8 + 21 + (-28 - (-13 - -24))
-14
Calculate (-124 + 52 - -56) + (-10 - -1).
-25
What is 32 + -24 + 8 + 62 + -27?
51
Evaluate -22 + (-6 - (2 + -9 + 9 + -12 + -1)).
-17
(-367 - -171) + 204 + (2 - 84 - 1) + 1
-74
What is the value of (-1212 - -1246) + (2 - (5 - 1) - -1)?
33
What is 79 - (-59 - -102) - (-3 + -1 + 1) - -1?
40
Evaluate -135 + 139 - (4 - (1 + -2) - -5).
-6
Calculate 110 + 2 + -7078 + 6962.
-4
-19 - 10 - -13 - 5 - -6
-15
-105 + 113 - (-58 - -2 - 3)
67
What is the value of (-224 + 256 - 69) + (0 - -6 - 2)?
-33
-76 - (60 - 138) - ((3 - (-2 + 3)) + -29)
29
What is 23 + (9 - 2 - (49 - 66))?
47
What is (-2 - 0) + (12 - -8 - (7 + 28))?
-17
65 + -120 + 36 + 12
-7
Evaluate 5 + -116 + -1340 + 1380.
-71
Calculate (6 + 45 - -18) + -18 + -18.
33
What is -5 + -13 - (10 - -31 - 37)?
-22
What is (-61 - -85 - 59) + -28?
-63
29 - (20 + -5 + -45)
59
Calculate (-59 - -104) + -61 - 27.
-43
Evaluate 31 + (2 - 11 - (45 - 43)).
20
(-14 - -8 - 10) + 6 + -51 + 1 + 6
-54
Evaluate 78 + -46 + -8 - (1 - -27).
-4
What is -2494 + 2504 - (62 + 2 - -1)?
-55
Evaluate (8 - (-13 - -16)) + (-38 - 6).
-39
11 - 6 - 74 - (-186 + 173)
-56
Calculate (-47 - (-33 - -27)) + (-2 + (3 - 4) - -2).
-42
What is -16 - -27 - (-95 + 1 + (-428 - -406))?
127
What is ((-23 - -21) + 39 - 116) + -16?
-95
Calculate (2 - (-4 - -2 - -3)) + 10 + -3 - -3.
11
What is the value of 8 + (-25 - 0) + 412 + -398 + 16?
13
Calculate 98 + -90 - (-7 + 2 + (28 - 6)).
-9
Calculate (15 - (11 - -14) - 56) + 8.
-58
-10 - (20 - (-3 + 15) - (59 - -2))
43
Calculate 1 + -37 + (13 - -15).
-8
What is the value of (302 - 306) + 15 + -29?
-18
-4 - (66 + 2 + 3) - (42 + -35 - 10)
-72
What is 733 - 765 - (2 - 37)?
3
What is 7 - (269 - 264 - (3 + -6 - -32))?
31
Evaluate (-29 - -32) + (-19 - -2 - -4).
-10
What is (38 - 40 - -27 - 48) + 149?
126
What is the value of -29 - (-79 + (-52 - -59))?
43
What is (-189 + 186 - (4 + -22)) + -79 + (2 - 2)?
-64
Evaluate -1 + -55 - (11 + 35 - 60).
-42
Calculate -19 + -3 + 5 - (-7 - -29).
-39
Calculate 32 + -24 - 15 - (-2 - -12 - 0).
-17
Calculate 16 + (-34 - (12 + -28)) + 41.
39
What is the value of (10 - (-2 - 4 - (8 - (100 - 3)))) + 4?
-69
Evaluate 34 - -2 - 1 - 49 - (0 + -114).
100
Evaluate (145 - 39) + (23 - 53).
76
What is the value of (9 - ((5 - -6) + (-12 - -25))) + -11?
-26
What is the value of -55 + 0 - (2 - 13 - -4 - (-6 + 2))?
-52
Calculate (-274 + 137 - -55) + 108.
26
Evaluate 305 + -313 + (3 - -17 - -3).
15
Evaluate -8 + -35 + -16 + (46 - 21).
-34
Calculate (-4 - -53 - (164 + -139)) + (52 - 0).
76
What is the value of (108 - 113) + (-5 - (-3 + 29))?
-36
-2 + (55 - (-84 + 103))
34
Evaluate 53 + (5 + -96 - 35).
-73
What is 0 + 63 + 22674 + -22626?
111
(-41 - -27 - (-6 - (-3 + (3 - -3)))) + 31
26
Calculate (9 + 0 - (-25 + (79 - 46))) + (-60 - 5).
-64
What is -7 - (-47 + (3 - (-20 - 3)))?
14
What is the value of (-10 - -11) + -69 + 1 + 1 - (203 + -192)?
-77
What is the value of 38 + -3 + 704 + -671?
68
What is the value of (-88 - -81) + (-3 + -27 + -14 - (1 + -1))?
-51
What is the value of 0 - ((46 - 57) + -30)?
41
What is (4070 - 3976) + (-21 - 0)?
73
(1 - 140) + (7748 - 7532)
77
Calculate -12 + 2 - (-2 - (-34 - -7)).
-35
45 + -55 + 49 - 52
-13
Evaluate (-433 + 420 - ((11 - -1) + -1)) + -10.
-34
What is the value of 27 + 2 + (-185 - -193)?
37
What is 15 - (-5 - ((13 - 9) + -15)) - -81?
90
(-3 + 3 + -13 - (327 - 331)) + 14
5
What is -53 + (-67 - -102 - 60)?
-78
Calculate (419 - 408) + -14 + 4 + -2 + (86 - -10).
95
What is the value of (-16 + 6 - (47 + -122)) + (-11 - (-5 - -1))?
58
What is the value of 11 - (60 + -1 - (-217 - -193 - (3 + -23)))?
-52
Evaluate 15 + -2 - (30 + -35 + 14 + -10).
14
What is the value of -47 - -10 - -53 - 54?
-38
What is the value of -23 + (-2 - -3) + -18 + 22 + -26 + 16?
-28
67 + (29 + (-12 - 10) - 9 - (-16 - 0))
81
Calculate (316 - 296) + -89 + -4 + 4 + -1.
-70
Calculate 10 + -37 + (81 - 0).
54
What is the value of -2 + 64 + -95 + 0 + 19?
-14
Evaluate -1 - 0 - ((-10 - -9) + 12 - 53).
41
Evaluate (29 - ((-15 - -40) + -22 + 6)) + -6.
14
What is -3 + (-30 + 3 - -20) - -4?
-6
What is the value of -11 + 1 - ((58 - (11 - (8 - 18))) + -19)?
-2